{"id":77860,"date":"2026-03-18T10:12:40","date_gmt":"2026-03-18T10:12:40","guid":{"rendered":"https:\/\/www.laplage-argeles.fr\/mobilheim-ibiza\/"},"modified":"2026-04-13T12:19:06","modified_gmt":"2026-04-13T12:19:06","slug":"mobilheim-ibiza","status":"publish","type":"page","link":"https:\/\/www.laplage-argeles.fr\/de\/die-mobilheime\/mobilheim-ibiza\/","title":{"rendered":"Mobilheim Ibiza"},"content":{"rendered":"","protected":false},"excerpt":{"rendered":"","protected":false},"author":1,"featured_media":78687,"parent":78230,"menu_order":0,"comment_status":"closed","ping_status":"closed","template":"","meta":{"_acf_changed":false,"inline_featured_image":false,"footnotes":""},"class_list":["post-77860","page","type-page","status-publish","has-post-thumbnail","hentry"],"acf":[],"yoast_head":"<!-- This site is optimized with the Yoast SEO plugin v27.4 - https:\/\/yoast.com\/product\/yoast-seo-wordpress\/ -->\n<title>Mobilheim f\u00fcr 2 Personen Argel\u00e8s-sur-Mer - La Plage Argel\u00e8s<\/title>\n<meta name=\"description\" content=\"Das Mobilheim Ibiza auf dem Campingplatz La Plage in Argel\u00e8s-sur-Mer ab 67 \u20ac.\" \/>\n<meta name=\"robots\" content=\"index, follow, max-snippet:-1, max-image-preview:large, max-video-preview:-1\" \/>\n<link rel=\"canonical\" href=\"https:\/\/www.laplage-argeles.fr\/de\/die-mobilheime\/mobilheim-ibiza\/\" \/>\n<meta property=\"og:locale\" content=\"de_DE\" \/>\n<meta property=\"og:type\" content=\"article\" \/>\n<meta property=\"og:title\" content=\"Mobilheim f\u00fcr 2 Personen Argel\u00e8s-sur-Mer - La Plage Argel\u00e8s\" \/>\n<meta property=\"og:description\" content=\"Das Mobilheim Ibiza auf dem Campingplatz La Plage in Argel\u00e8s-sur-Mer ab 67 \u20ac.\" \/>\n<meta property=\"og:url\" content=\"https:\/\/www.laplage-argeles.fr\/de\/die-mobilheime\/mobilheim-ibiza\/\" \/>\n<meta property=\"og:site_name\" content=\"Camping la Plage \u00e0 Argeles\" \/>\n<meta property=\"article:modified_time\" content=\"2026-04-13T12:19:06+00:00\" \/>\n<meta property=\"og:image\" content=\"https:\/\/www.laplage-argeles.fr\/wp-content\/uploads\/2026\/03\/ibiza.jpg\" \/>\n\t<meta property=\"og:image:width\" content=\"730\" \/>\n\t<meta property=\"og:image:height\" content=\"525\" \/>\n\t<meta property=\"og:image:type\" content=\"image\/jpeg\" \/>\n<meta name=\"twitter:card\" content=\"summary_large_image\" \/>\n<script type=\"application\/ld+json\" class=\"yoast-schema-graph\">{\"@context\":\"https:\\\/\\\/schema.org\",\"@graph\":[{\"@type\":\"WebPage\",\"@id\":\"https:\\\/\\\/www.laplage-argeles.fr\\\/de\\\/die-mobilheime\\\/mobilheim-ibiza\\\/\",\"url\":\"https:\\\/\\\/www.laplage-argeles.fr\\\/de\\\/die-mobilheime\\\/mobilheim-ibiza\\\/\",\"name\":\"Mobilheim f\u00fcr 2 Personen Argel\u00e8s-sur-Mer - La Plage Argel\u00e8s\",\"isPartOf\":{\"@id\":\"https:\\\/\\\/www.laplage-argeles.fr\\\/de\\\/#website\"},\"primaryImageOfPage\":{\"@id\":\"https:\\\/\\\/www.laplage-argeles.fr\\\/de\\\/die-mobilheime\\\/mobilheim-ibiza\\\/#primaryimage\"},\"image\":{\"@id\":\"https:\\\/\\\/www.laplage-argeles.fr\\\/de\\\/die-mobilheime\\\/mobilheim-ibiza\\\/#primaryimage\"},\"thumbnailUrl\":\"https:\\\/\\\/www.laplage-argeles.fr\\\/wp-content\\\/uploads\\\/2026\\\/03\\\/ibiza.jpg\",\"datePublished\":\"2026-03-18T10:12:40+00:00\",\"dateModified\":\"2026-04-13T12:19:06+00:00\",\"description\":\"Das Mobilheim Ibiza auf dem Campingplatz La Plage in Argel\u00e8s-sur-Mer ab 67 \u20ac.\",\"breadcrumb\":{\"@id\":\"https:\\\/\\\/www.laplage-argeles.fr\\\/de\\\/die-mobilheime\\\/mobilheim-ibiza\\\/#breadcrumb\"},\"inLanguage\":\"de\",\"potentialAction\":[{\"@type\":\"ReadAction\",\"target\":[\"https:\\\/\\\/www.laplage-argeles.fr\\\/de\\\/die-mobilheime\\\/mobilheim-ibiza\\\/\"]}]},{\"@type\":\"ImageObject\",\"inLanguage\":\"de\",\"@id\":\"https:\\\/\\\/www.laplage-argeles.fr\\\/de\\\/die-mobilheime\\\/mobilheim-ibiza\\\/#primaryimage\",\"url\":\"https:\\\/\\\/www.laplage-argeles.fr\\\/wp-content\\\/uploads\\\/2026\\\/03\\\/ibiza.jpg\",\"contentUrl\":\"https:\\\/\\\/www.laplage-argeles.fr\\\/wp-content\\\/uploads\\\/2026\\\/03\\\/ibiza.jpg\",\"width\":730,\"height\":525,\"caption\":\"Ibiza\"},{\"@type\":\"BreadcrumbList\",\"@id\":\"https:\\\/\\\/www.laplage-argeles.fr\\\/de\\\/die-mobilheime\\\/mobilheim-ibiza\\\/#breadcrumb\",\"itemListElement\":[{\"@type\":\"ListItem\",\"position\":1,\"name\":\"Camping Plage Argel\u00e8s sur Mer\",\"item\":\"https:\\\/\\\/www.laplage-argeles.fr\\\/de\\\/\"},{\"@type\":\"ListItem\",\"position\":2,\"name\":\"Mobilheimvermietung Argel\u00e8s-sur-Mer\",\"item\":\"https:\\\/\\\/www.laplage-argeles.fr\\\/de\\\/die-mobilheime\\\/\"},{\"@type\":\"ListItem\",\"position\":3,\"name\":\"Mobilheim Ibiza\"}]},{\"@type\":\"WebSite\",\"@id\":\"https:\\\/\\\/www.laplage-argeles.fr\\\/de\\\/#website\",\"url\":\"https:\\\/\\\/www.laplage-argeles.fr\\\/de\\\/\",\"name\":\"Camping la Plage \u00e0 Argeles\",\"description\":\"\",\"potentialAction\":[{\"@type\":\"SearchAction\",\"target\":{\"@type\":\"EntryPoint\",\"urlTemplate\":\"https:\\\/\\\/www.laplage-argeles.fr\\\/de\\\/?s={search_term_string}\"},\"query-input\":{\"@type\":\"PropertyValueSpecification\",\"valueRequired\":true,\"valueName\":\"search_term_string\"}}],\"inLanguage\":\"de\"}]}<\/script>\n<!-- \/ Yoast SEO plugin. -->","yoast_head_json":{"title":"Mobilheim f\u00fcr 2 Personen Argel\u00e8s-sur-Mer - La Plage Argel\u00e8s","description":"Das Mobilheim Ibiza auf dem Campingplatz La Plage in Argel\u00e8s-sur-Mer ab 67 \u20ac.","robots":{"index":"index","follow":"follow","max-snippet":"max-snippet:-1","max-image-preview":"max-image-preview:large","max-video-preview":"max-video-preview:-1"},"canonical":"https:\/\/www.laplage-argeles.fr\/de\/die-mobilheime\/mobilheim-ibiza\/","og_locale":"de_DE","og_type":"article","og_title":"Mobilheim f\u00fcr 2 Personen Argel\u00e8s-sur-Mer - La Plage Argel\u00e8s","og_description":"Das Mobilheim Ibiza auf dem Campingplatz La Plage in Argel\u00e8s-sur-Mer ab 67 \u20ac.","og_url":"https:\/\/www.laplage-argeles.fr\/de\/die-mobilheime\/mobilheim-ibiza\/","og_site_name":"Camping la Plage \u00e0 Argeles","article_modified_time":"2026-04-13T12:19:06+00:00","og_image":[{"width":730,"height":525,"url":"https:\/\/www.laplage-argeles.fr\/wp-content\/uploads\/2026\/03\/ibiza.jpg","type":"image\/jpeg"}],"twitter_card":"summary_large_image","schema":{"@context":"https:\/\/schema.org","@graph":[{"@type":"WebPage","@id":"https:\/\/www.laplage-argeles.fr\/de\/die-mobilheime\/mobilheim-ibiza\/","url":"https:\/\/www.laplage-argeles.fr\/de\/die-mobilheime\/mobilheim-ibiza\/","name":"Mobilheim f\u00fcr 2 Personen Argel\u00e8s-sur-Mer - La Plage Argel\u00e8s","isPartOf":{"@id":"https:\/\/www.laplage-argeles.fr\/de\/#website"},"primaryImageOfPage":{"@id":"https:\/\/www.laplage-argeles.fr\/de\/die-mobilheime\/mobilheim-ibiza\/#primaryimage"},"image":{"@id":"https:\/\/www.laplage-argeles.fr\/de\/die-mobilheime\/mobilheim-ibiza\/#primaryimage"},"thumbnailUrl":"https:\/\/www.laplage-argeles.fr\/wp-content\/uploads\/2026\/03\/ibiza.jpg","datePublished":"2026-03-18T10:12:40+00:00","dateModified":"2026-04-13T12:19:06+00:00","description":"Das Mobilheim Ibiza auf dem Campingplatz La Plage in Argel\u00e8s-sur-Mer ab 67 \u20ac.","breadcrumb":{"@id":"https:\/\/www.laplage-argeles.fr\/de\/die-mobilheime\/mobilheim-ibiza\/#breadcrumb"},"inLanguage":"de","potentialAction":[{"@type":"ReadAction","target":["https:\/\/www.laplage-argeles.fr\/de\/die-mobilheime\/mobilheim-ibiza\/"]}]},{"@type":"ImageObject","inLanguage":"de","@id":"https:\/\/www.laplage-argeles.fr\/de\/die-mobilheime\/mobilheim-ibiza\/#primaryimage","url":"https:\/\/www.laplage-argeles.fr\/wp-content\/uploads\/2026\/03\/ibiza.jpg","contentUrl":"https:\/\/www.laplage-argeles.fr\/wp-content\/uploads\/2026\/03\/ibiza.jpg","width":730,"height":525,"caption":"Ibiza"},{"@type":"BreadcrumbList","@id":"https:\/\/www.laplage-argeles.fr\/de\/die-mobilheime\/mobilheim-ibiza\/#breadcrumb","itemListElement":[{"@type":"ListItem","position":1,"name":"Camping Plage Argel\u00e8s sur Mer","item":"https:\/\/www.laplage-argeles.fr\/de\/"},{"@type":"ListItem","position":2,"name":"Mobilheimvermietung Argel\u00e8s-sur-Mer","item":"https:\/\/www.laplage-argeles.fr\/de\/die-mobilheime\/"},{"@type":"ListItem","position":3,"name":"Mobilheim Ibiza"}]},{"@type":"WebSite","@id":"https:\/\/www.laplage-argeles.fr\/de\/#website","url":"https:\/\/www.laplage-argeles.fr\/de\/","name":"Camping la Plage \u00e0 Argeles","description":"","potentialAction":[{"@type":"SearchAction","target":{"@type":"EntryPoint","urlTemplate":"https:\/\/www.laplage-argeles.fr\/de\/?s={search_term_string}"},"query-input":{"@type":"PropertyValueSpecification","valueRequired":true,"valueName":"search_term_string"}}],"inLanguage":"de"}]}},"_links":{"self":[{"href":"https:\/\/www.laplage-argeles.fr\/de\/wp-json\/wp\/v2\/pages\/77860","targetHints":{"allow":["GET"]}}],"collection":[{"href":"https:\/\/www.laplage-argeles.fr\/de\/wp-json\/wp\/v2\/pages"}],"about":[{"href":"https:\/\/www.laplage-argeles.fr\/de\/wp-json\/wp\/v2\/types\/page"}],"author":[{"embeddable":true,"href":"https:\/\/www.laplage-argeles.fr\/de\/wp-json\/wp\/v2\/users\/1"}],"replies":[{"embeddable":true,"href":"https:\/\/www.laplage-argeles.fr\/de\/wp-json\/wp\/v2\/comments?post=77860"}],"version-history":[{"count":1,"href":"https:\/\/www.laplage-argeles.fr\/de\/wp-json\/wp\/v2\/pages\/77860\/revisions"}],"predecessor-version":[{"id":78231,"href":"https:\/\/www.laplage-argeles.fr\/de\/wp-json\/wp\/v2\/pages\/77860\/revisions\/78231"}],"up":[{"embeddable":true,"href":"https:\/\/www.laplage-argeles.fr\/de\/wp-json\/wp\/v2\/pages\/78230"}],"wp:featuredmedia":[{"embeddable":true,"href":"https:\/\/www.laplage-argeles.fr\/de\/wp-json\/wp\/v2\/media\/78687"}],"wp:attachment":[{"href":"https:\/\/www.laplage-argeles.fr\/de\/wp-json\/wp\/v2\/media?parent=77860"}],"curies":[{"name":"wp","href":"https:\/\/api.w.org\/{rel}","templated":true}]}}

<!-- This site is optimized with the Yoast SEO plugin v27.4 - https://yoast.com/product/yoast-seo-wordpress/ -->
<title>Mobilheim für 2 Personen Argelès-sur-Mer - La Plage Argelès</title>
<meta name="description" content="Das Mobilheim Ibiza auf dem Campingplatz La Plage in Argelès-sur-Mer ab 67 €." />
<meta name="robots" content="index, follow, max-snippet:-1, max-image-preview:large, max-video-preview:-1" />
<link rel="canonical" href="https://www.laplage-argeles.fr/de/die-mobilheime/mobilheim-ibiza/" />
<meta property="og:locale" content="de_DE" />
<meta property="og:type" content="article" />
<meta property="og:title" content="Mobilheim für 2 Personen Argelès-sur-Mer - La Plage Argelès" />
<meta property="og:description" content="Das Mobilheim Ibiza auf dem Campingplatz La Plage in Argelès-sur-Mer ab 67 €." />
<meta property="og:url" content="https://www.laplage-argeles.fr/de/die-mobilheime/mobilheim-ibiza/" />
<meta property="og:site_name" content="Camping la Plage à Argeles" />
<meta property="article:modified_time" content="2026-04-13T12:19:06+00:00" />
<meta property="og:image" content="https://www.laplage-argeles.fr/wp-content/uploads/2026/03/ibiza.jpg" />
	<meta property="og:image:width" content="730" />
	<meta property="og:image:height" content="525" />
	<meta property="og:image:type" content="image/jpeg" />
<meta name="twitter:card" content="summary_large_image" />
<script type="application/ld+json" class="yoast-schema-graph">{"@context":"https:\/\/schema.org","@graph":[{"@type":"WebPage","@id":"https:\/\/www.laplage-argeles.fr\/de\/die-mobilheime\/mobilheim-ibiza\/","url":"https:\/\/www.laplage-argeles.fr\/de\/die-mobilheime\/mobilheim-ibiza\/","name":"Mobilheim für 2 Personen Argelès-sur-Mer - La Plage Argelès","isPartOf":{"@id":"https:\/\/www.laplage-argeles.fr\/de\/#website"},"primaryImageOfPage":{"@id":"https:\/\/www.laplage-argeles.fr\/de\/die-mobilheime\/mobilheim-ibiza\/#primaryimage"},"image":{"@id":"https:\/\/www.laplage-argeles.fr\/de\/die-mobilheime\/mobilheim-ibiza\/#primaryimage"},"thumbnailUrl":"https:\/\/www.laplage-argeles.fr\/wp-content\/uploads\/2026\/03\/ibiza.jpg","datePublished":"2026-03-18T10:12:40+00:00","dateModified":"2026-04-13T12:19:06+00:00","description":"Das Mobilheim Ibiza auf dem Campingplatz La Plage in Argelès-sur-Mer ab 67 €.","breadcrumb":{"@id":"https:\/\/www.laplage-argeles.fr\/de\/die-mobilheime\/mobilheim-ibiza\/#breadcrumb"},"inLanguage":"de","potentialAction":[{"@type":"ReadAction","target":["https:\/\/www.laplage-argeles.fr\/de\/die-mobilheime\/mobilheim-ibiza\/"]}]},{"@type":"ImageObject","inLanguage":"de","@id":"https:\/\/www.laplage-argeles.fr\/de\/die-mobilheime\/mobilheim-ibiza\/#primaryimage","url":"https:\/\/www.laplage-argeles.fr\/wp-content\/uploads\/2026\/03\/ibiza.jpg","contentUrl":"https:\/\/www.laplage-argeles.fr\/wp-content\/uploads\/2026\/03\/ibiza.jpg","width":730,"height":525,"caption":"Ibiza"},{"@type":"BreadcrumbList","@id":"https:\/\/www.laplage-argeles.fr\/de\/die-mobilheime\/mobilheim-ibiza\/#breadcrumb","itemListElement":[{"@type":"ListItem","position":1,"name":"Camping Plage Argelès sur Mer","item":"https:\/\/www.laplage-argeles.fr\/de\/"},{"@type":"ListItem","position":2,"name":"Mobilheimvermietung Argelès-sur-Mer","item":"https:\/\/www.laplage-argeles.fr\/de\/die-mobilheime\/"},{"@type":"ListItem","position":3,"name":"Mobilheim Ibiza"}]},{"@type":"WebSite","@id":"https:\/\/www.laplage-argeles.fr\/de\/#website","url":"https:\/\/www.laplage-argeles.fr\/de\/","name":"Camping la Plage à Argeles","description":"","potentialAction":[{"@type":"SearchAction","target":{"@type":"EntryPoint","urlTemplate":"https:\/\/www.laplage-argeles.fr\/de\/?s={search_term_string}"},"query-input":{"@type":"PropertyValueSpecification","valueRequired":true,"valueName":"search_term_string"}}],"inLanguage":"de"}]}</script>
<!-- / Yoast SEO plugin. -->

Mobilheim für 2 Personen Argelès-sur-Mer - La Plage Argelès

Das Mobilheim Ibiza auf dem Campingplatz La Plage in Argelès-sur-Mer ab 67 €.

Camping la Plage à Argeles

Camping Plage Argelès sur Mer

Mobilheimvermietung Argelès-sur-Mer
