{"id":77913,"date":"2026-03-20T14:44:20","date_gmt":"2026-03-20T14:44:20","guid":{"rendered":"https:\/\/www.laplage-argeles.fr\/tienda-lodge-bali\/"},"modified":"2026-04-16T12:11:46","modified_gmt":"2026-04-16T12:11:46","slug":"tienda-lodge-bali","status":"publish","type":"page","link":"https:\/\/www.laplage-argeles.fr\/es\/los-atypiks\/tienda-lodge-bali\/","title":{"rendered":"Tienda lodge Bali"},"content":{"rendered":"","protected":false},"excerpt":{"rendered":"","protected":false},"author":1,"featured_media":79062,"parent":78124,"menu_order":0,"comment_status":"closed","ping_status":"closed","template":"","meta":{"_acf_changed":false,"inline_featured_image":false,"footnotes":""},"class_list":["post-77913","page","type-page","status-publish","has-post-thumbnail","hentry"],"acf":[],"yoast_head":"<!-- This site is optimized with the Yoast SEO plugin v27.4 - https:\/\/yoast.com\/product\/yoast-seo-wordpress\/ -->\n<title>Alquiler de tienda para 5 personas, camping Argel\u00e8s-sur-Mer - La Plage Argel\u00e8s<\/title>\n<meta name=\"description\" content=\"Reserve tu alquiler de tienda Bali en Argel\u00e8s-sur-Mer en el camping La Plage: confort y relax.\" \/>\n<meta name=\"robots\" content=\"index, follow, max-snippet:-1, max-image-preview:large, max-video-preview:-1\" \/>\n<link rel=\"canonical\" href=\"https:\/\/www.laplage-argeles.fr\/es\/los-atypiks\/tienda-lodge-bali\/\" \/>\n<meta property=\"og:locale\" content=\"es_ES\" \/>\n<meta property=\"og:type\" content=\"article\" \/>\n<meta property=\"og:title\" content=\"Alquiler de tienda para 5 personas, camping Argel\u00e8s-sur-Mer - La Plage Argel\u00e8s\" \/>\n<meta property=\"og:description\" content=\"Reserve tu alquiler de tienda Bali en Argel\u00e8s-sur-Mer en el camping La Plage: confort y relax.\" \/>\n<meta property=\"og:url\" content=\"https:\/\/www.laplage-argeles.fr\/es\/los-atypiks\/tienda-lodge-bali\/\" \/>\n<meta property=\"og:site_name\" content=\"Camping la Plage \u00e0 Argeles\" \/>\n<meta property=\"article:modified_time\" content=\"2026-04-16T12:11:46+00:00\" \/>\n<meta property=\"og:image\" content=\"https:\/\/www.laplage-argeles.fr\/wp-content\/uploads\/2026\/04\/tente-lodge-bali.jpg\" \/>\n\t<meta property=\"og:image:width\" content=\"730\" \/>\n\t<meta property=\"og:image:height\" content=\"525\" \/>\n\t<meta property=\"og:image:type\" content=\"image\/jpeg\" \/>\n<meta name=\"twitter:card\" content=\"summary_large_image\" \/>\n<script type=\"application\/ld+json\" class=\"yoast-schema-graph\">{\"@context\":\"https:\\\/\\\/schema.org\",\"@graph\":[{\"@type\":\"WebPage\",\"@id\":\"https:\\\/\\\/www.laplage-argeles.fr\\\/es\\\/los-atypiks\\\/tienda-lodge-bali\\\/\",\"url\":\"https:\\\/\\\/www.laplage-argeles.fr\\\/es\\\/los-atypiks\\\/tienda-lodge-bali\\\/\",\"name\":\"Alquiler de tienda para 5 personas, camping Argel\u00e8s-sur-Mer - La Plage Argel\u00e8s\",\"isPartOf\":{\"@id\":\"https:\\\/\\\/www.laplage-argeles.fr\\\/es\\\/#website\"},\"primaryImageOfPage\":{\"@id\":\"https:\\\/\\\/www.laplage-argeles.fr\\\/es\\\/los-atypiks\\\/tienda-lodge-bali\\\/#primaryimage\"},\"image\":{\"@id\":\"https:\\\/\\\/www.laplage-argeles.fr\\\/es\\\/los-atypiks\\\/tienda-lodge-bali\\\/#primaryimage\"},\"thumbnailUrl\":\"https:\\\/\\\/www.laplage-argeles.fr\\\/wp-content\\\/uploads\\\/2026\\\/04\\\/tente-lodge-bali.jpg\",\"datePublished\":\"2026-03-20T14:44:20+00:00\",\"dateModified\":\"2026-04-16T12:11:46+00:00\",\"description\":\"Reserve tu alquiler de tienda Bali en Argel\u00e8s-sur-Mer en el camping La Plage: confort y relax.\",\"breadcrumb\":{\"@id\":\"https:\\\/\\\/www.laplage-argeles.fr\\\/es\\\/los-atypiks\\\/tienda-lodge-bali\\\/#breadcrumb\"},\"inLanguage\":\"es\",\"potentialAction\":[{\"@type\":\"ReadAction\",\"target\":[\"https:\\\/\\\/www.laplage-argeles.fr\\\/es\\\/los-atypiks\\\/tienda-lodge-bali\\\/\"]}]},{\"@type\":\"ImageObject\",\"inLanguage\":\"es\",\"@id\":\"https:\\\/\\\/www.laplage-argeles.fr\\\/es\\\/los-atypiks\\\/tienda-lodge-bali\\\/#primaryimage\",\"url\":\"https:\\\/\\\/www.laplage-argeles.fr\\\/wp-content\\\/uploads\\\/2026\\\/04\\\/tente-lodge-bali.jpg\",\"contentUrl\":\"https:\\\/\\\/www.laplage-argeles.fr\\\/wp-content\\\/uploads\\\/2026\\\/04\\\/tente-lodge-bali.jpg\",\"width\":730,\"height\":525,\"caption\":\"Tienda Lodge Bali\"},{\"@type\":\"BreadcrumbList\",\"@id\":\"https:\\\/\\\/www.laplage-argeles.fr\\\/es\\\/los-atypiks\\\/tienda-lodge-bali\\\/#breadcrumb\",\"itemListElement\":[{\"@type\":\"ListItem\",\"position\":1,\"name\":\"Camping Plage Argel\u00e8s-sur-Mer\",\"item\":\"https:\\\/\\\/www.laplage-argeles.fr\\\/es\\\/\"},{\"@type\":\"ListItem\",\"position\":2,\"name\":\"Lodge Argel\u00e8s-sur-Mer\",\"item\":\"https:\\\/\\\/www.laplage-argeles.fr\\\/es\\\/los-atypiks\\\/\"},{\"@type\":\"ListItem\",\"position\":3,\"name\":\"Tienda lodge Bali\"}]},{\"@type\":\"WebSite\",\"@id\":\"https:\\\/\\\/www.laplage-argeles.fr\\\/es\\\/#website\",\"url\":\"https:\\\/\\\/www.laplage-argeles.fr\\\/es\\\/\",\"name\":\"Camping la Plage \u00e0 Argeles\",\"description\":\"\",\"potentialAction\":[{\"@type\":\"SearchAction\",\"target\":{\"@type\":\"EntryPoint\",\"urlTemplate\":\"https:\\\/\\\/www.laplage-argeles.fr\\\/es\\\/?s={search_term_string}\"},\"query-input\":{\"@type\":\"PropertyValueSpecification\",\"valueRequired\":true,\"valueName\":\"search_term_string\"}}],\"inLanguage\":\"es\"}]}<\/script>\n<!-- \/ Yoast SEO plugin. -->","yoast_head_json":{"title":"Alquiler de tienda para 5 personas, camping Argel\u00e8s-sur-Mer - La Plage Argel\u00e8s","description":"Reserve tu alquiler de tienda Bali en Argel\u00e8s-sur-Mer en el camping La Plage: confort y relax.","robots":{"index":"index","follow":"follow","max-snippet":"max-snippet:-1","max-image-preview":"max-image-preview:large","max-video-preview":"max-video-preview:-1"},"canonical":"https:\/\/www.laplage-argeles.fr\/es\/los-atypiks\/tienda-lodge-bali\/","og_locale":"es_ES","og_type":"article","og_title":"Alquiler de tienda para 5 personas, camping Argel\u00e8s-sur-Mer - La Plage Argel\u00e8s","og_description":"Reserve tu alquiler de tienda Bali en Argel\u00e8s-sur-Mer en el camping La Plage: confort y relax.","og_url":"https:\/\/www.laplage-argeles.fr\/es\/los-atypiks\/tienda-lodge-bali\/","og_site_name":"Camping la Plage \u00e0 Argeles","article_modified_time":"2026-04-16T12:11:46+00:00","og_image":[{"width":730,"height":525,"url":"https:\/\/www.laplage-argeles.fr\/wp-content\/uploads\/2026\/04\/tente-lodge-bali.jpg","type":"image\/jpeg"}],"twitter_card":"summary_large_image","schema":{"@context":"https:\/\/schema.org","@graph":[{"@type":"WebPage","@id":"https:\/\/www.laplage-argeles.fr\/es\/los-atypiks\/tienda-lodge-bali\/","url":"https:\/\/www.laplage-argeles.fr\/es\/los-atypiks\/tienda-lodge-bali\/","name":"Alquiler de tienda para 5 personas, camping Argel\u00e8s-sur-Mer - La Plage Argel\u00e8s","isPartOf":{"@id":"https:\/\/www.laplage-argeles.fr\/es\/#website"},"primaryImageOfPage":{"@id":"https:\/\/www.laplage-argeles.fr\/es\/los-atypiks\/tienda-lodge-bali\/#primaryimage"},"image":{"@id":"https:\/\/www.laplage-argeles.fr\/es\/los-atypiks\/tienda-lodge-bali\/#primaryimage"},"thumbnailUrl":"https:\/\/www.laplage-argeles.fr\/wp-content\/uploads\/2026\/04\/tente-lodge-bali.jpg","datePublished":"2026-03-20T14:44:20+00:00","dateModified":"2026-04-16T12:11:46+00:00","description":"Reserve tu alquiler de tienda Bali en Argel\u00e8s-sur-Mer en el camping La Plage: confort y relax.","breadcrumb":{"@id":"https:\/\/www.laplage-argeles.fr\/es\/los-atypiks\/tienda-lodge-bali\/#breadcrumb"},"inLanguage":"es","potentialAction":[{"@type":"ReadAction","target":["https:\/\/www.laplage-argeles.fr\/es\/los-atypiks\/tienda-lodge-bali\/"]}]},{"@type":"ImageObject","inLanguage":"es","@id":"https:\/\/www.laplage-argeles.fr\/es\/los-atypiks\/tienda-lodge-bali\/#primaryimage","url":"https:\/\/www.laplage-argeles.fr\/wp-content\/uploads\/2026\/04\/tente-lodge-bali.jpg","contentUrl":"https:\/\/www.laplage-argeles.fr\/wp-content\/uploads\/2026\/04\/tente-lodge-bali.jpg","width":730,"height":525,"caption":"Tienda Lodge Bali"},{"@type":"BreadcrumbList","@id":"https:\/\/www.laplage-argeles.fr\/es\/los-atypiks\/tienda-lodge-bali\/#breadcrumb","itemListElement":[{"@type":"ListItem","position":1,"name":"Camping Plage Argel\u00e8s-sur-Mer","item":"https:\/\/www.laplage-argeles.fr\/es\/"},{"@type":"ListItem","position":2,"name":"Lodge Argel\u00e8s-sur-Mer","item":"https:\/\/www.laplage-argeles.fr\/es\/los-atypiks\/"},{"@type":"ListItem","position":3,"name":"Tienda lodge Bali"}]},{"@type":"WebSite","@id":"https:\/\/www.laplage-argeles.fr\/es\/#website","url":"https:\/\/www.laplage-argeles.fr\/es\/","name":"Camping la Plage \u00e0 Argeles","description":"","potentialAction":[{"@type":"SearchAction","target":{"@type":"EntryPoint","urlTemplate":"https:\/\/www.laplage-argeles.fr\/es\/?s={search_term_string}"},"query-input":{"@type":"PropertyValueSpecification","valueRequired":true,"valueName":"search_term_string"}}],"inLanguage":"es"}]}},"_links":{"self":[{"href":"https:\/\/www.laplage-argeles.fr\/es\/wp-json\/wp\/v2\/pages\/77913","targetHints":{"allow":["GET"]}}],"collection":[{"href":"https:\/\/www.laplage-argeles.fr\/es\/wp-json\/wp\/v2\/pages"}],"about":[{"href":"https:\/\/www.laplage-argeles.fr\/es\/wp-json\/wp\/v2\/types\/page"}],"author":[{"embeddable":true,"href":"https:\/\/www.laplage-argeles.fr\/es\/wp-json\/wp\/v2\/users\/1"}],"replies":[{"embeddable":true,"href":"https:\/\/www.laplage-argeles.fr\/es\/wp-json\/wp\/v2\/comments?post=77913"}],"version-history":[{"count":1,"href":"https:\/\/www.laplage-argeles.fr\/es\/wp-json\/wp\/v2\/pages\/77913\/revisions"}],"predecessor-version":[{"id":78125,"href":"https:\/\/www.laplage-argeles.fr\/es\/wp-json\/wp\/v2\/pages\/77913\/revisions\/78125"}],"up":[{"embeddable":true,"href":"https:\/\/www.laplage-argeles.fr\/es\/wp-json\/wp\/v2\/pages\/78124"}],"wp:featuredmedia":[{"embeddable":true,"href":"https:\/\/www.laplage-argeles.fr\/es\/wp-json\/wp\/v2\/media\/79062"}],"wp:attachment":[{"href":"https:\/\/www.laplage-argeles.fr\/es\/wp-json\/wp\/v2\/media?parent=77913"}],"curies":[{"name":"wp","href":"https:\/\/api.w.org\/{rel}","templated":true}]}}

<!-- This site is optimized with the Yoast SEO plugin v27.4 - https://yoast.com/product/yoast-seo-wordpress/ -->
<title>Alquiler de tienda para 5 personas, camping Argelès-sur-Mer - La Plage Argelès</title>
<meta name="description" content="Reserve tu alquiler de tienda Bali en Argelès-sur-Mer en el camping La Plage: confort y relax." />
<meta name="robots" content="index, follow, max-snippet:-1, max-image-preview:large, max-video-preview:-1" />
<link rel="canonical" href="https://www.laplage-argeles.fr/es/los-atypiks/tienda-lodge-bali/" />
<meta property="og:locale" content="es_ES" />
<meta property="og:type" content="article" />
<meta property="og:title" content="Alquiler de tienda para 5 personas, camping Argelès-sur-Mer - La Plage Argelès" />
<meta property="og:description" content="Reserve tu alquiler de tienda Bali en Argelès-sur-Mer en el camping La Plage: confort y relax." />
<meta property="og:url" content="https://www.laplage-argeles.fr/es/los-atypiks/tienda-lodge-bali/" />
<meta property="og:site_name" content="Camping la Plage à Argeles" />
<meta property="article:modified_time" content="2026-04-16T12:11:46+00:00" />
<meta property="og:image" content="https://www.laplage-argeles.fr/wp-content/uploads/2026/04/tente-lodge-bali.jpg" />
	<meta property="og:image:width" content="730" />
	<meta property="og:image:height" content="525" />
	<meta property="og:image:type" content="image/jpeg" />
<meta name="twitter:card" content="summary_large_image" />
<script type="application/ld+json" class="yoast-schema-graph">{"@context":"https:\/\/schema.org","@graph":[{"@type":"WebPage","@id":"https:\/\/www.laplage-argeles.fr\/es\/los-atypiks\/tienda-lodge-bali\/","url":"https:\/\/www.laplage-argeles.fr\/es\/los-atypiks\/tienda-lodge-bali\/","name":"Alquiler de tienda para 5 personas, camping Argelès-sur-Mer - La Plage Argelès","isPartOf":{"@id":"https:\/\/www.laplage-argeles.fr\/es\/#website"},"primaryImageOfPage":{"@id":"https:\/\/www.laplage-argeles.fr\/es\/los-atypiks\/tienda-lodge-bali\/#primaryimage"},"image":{"@id":"https:\/\/www.laplage-argeles.fr\/es\/los-atypiks\/tienda-lodge-bali\/#primaryimage"},"thumbnailUrl":"https:\/\/www.laplage-argeles.fr\/wp-content\/uploads\/2026\/04\/tente-lodge-bali.jpg","datePublished":"2026-03-20T14:44:20+00:00","dateModified":"2026-04-16T12:11:46+00:00","description":"Reserve tu alquiler de tienda Bali en Argelès-sur-Mer en el camping La Plage: confort y relax.","breadcrumb":{"@id":"https:\/\/www.laplage-argeles.fr\/es\/los-atypiks\/tienda-lodge-bali\/#breadcrumb"},"inLanguage":"es","potentialAction":[{"@type":"ReadAction","target":["https:\/\/www.laplage-argeles.fr\/es\/los-atypiks\/tienda-lodge-bali\/"]}]},{"@type":"ImageObject","inLanguage":"es","@id":"https:\/\/www.laplage-argeles.fr\/es\/los-atypiks\/tienda-lodge-bali\/#primaryimage","url":"https:\/\/www.laplage-argeles.fr\/wp-content\/uploads\/2026\/04\/tente-lodge-bali.jpg","contentUrl":"https:\/\/www.laplage-argeles.fr\/wp-content\/uploads\/2026\/04\/tente-lodge-bali.jpg","width":730,"height":525,"caption":"Tienda Lodge Bali"},{"@type":"BreadcrumbList","@id":"https:\/\/www.laplage-argeles.fr\/es\/los-atypiks\/tienda-lodge-bali\/#breadcrumb","itemListElement":[{"@type":"ListItem","position":1,"name":"Camping Plage Argelès-sur-Mer","item":"https:\/\/www.laplage-argeles.fr\/es\/"},{"@type":"ListItem","position":2,"name":"Lodge Argelès-sur-Mer","item":"https:\/\/www.laplage-argeles.fr\/es\/los-atypiks\/"},{"@type":"ListItem","position":3,"name":"Tienda lodge Bali"}]},{"@type":"WebSite","@id":"https:\/\/www.laplage-argeles.fr\/es\/#website","url":"https:\/\/www.laplage-argeles.fr\/es\/","name":"Camping la Plage à Argeles","description":"","potentialAction":[{"@type":"SearchAction","target":{"@type":"EntryPoint","urlTemplate":"https:\/\/www.laplage-argeles.fr\/es\/?s={search_term_string}"},"query-input":{"@type":"PropertyValueSpecification","valueRequired":true,"valueName":"search_term_string"}}],"inLanguage":"es"}]}</script>
<!-- / Yoast SEO plugin. -->

Alquiler de tienda para 5 personas, camping Argelès-sur-Mer - La Plage Argelès

Reserve tu alquiler de tienda Bali en Argelès-sur-Mer en el camping La Plage: confort y relax.

Camping la Plage à Argeles

Camping Plage Argelès-sur-Mer

Lodge Argelès-sur-Mer
