{"id":77997,"date":"2026-03-18T10:13:24","date_gmt":"2026-03-18T10:13:24","guid":{"rendered":"https:\/\/www.laplage-argeles.fr\/mobil-home-tahiti\/"},"modified":"2026-04-10T13:05:17","modified_gmt":"2026-04-10T13:05:17","slug":"mobil-home-tahiti","status":"publish","type":"page","link":"https:\/\/www.laplage-argeles.fr\/es\/los-mobil-homes\/mobil-home-tahiti\/","title":{"rendered":"Mobil home Tahiti"},"content":{"rendered":"","protected":false},"excerpt":{"rendered":"","protected":false},"author":1,"featured_media":78618,"parent":78088,"menu_order":0,"comment_status":"closed","ping_status":"closed","template":"","meta":{"_acf_changed":false,"inline_featured_image":false,"footnotes":""},"class_list":["post-77997","page","type-page","status-publish","has-post-thumbnail","hentry"],"acf":[],"yoast_head":"<!-- This site is optimized with the Yoast SEO plugin v27.4 - https:\/\/yoast.com\/product\/yoast-seo-wordpress\/ -->\n<title>Mobil home 4 personas econ\u00f3mico en Argel\u00e8s sur Mer - La Plage Argel\u00e8s<\/title>\n<meta name=\"description\" content=\"Reserva tu alquiler de mobil-home Tahiti en Argel\u00e8s-sur-Mer en el camping La Plage: confort, relax y sol a dos pasos del Mediterr\u00e1neo.\" \/>\n<meta name=\"robots\" content=\"index, follow, max-snippet:-1, max-image-preview:large, max-video-preview:-1\" \/>\n<link rel=\"canonical\" href=\"https:\/\/www.laplage-argeles.fr\/es\/los-mobil-homes\/mobil-home-tahiti\/\" \/>\n<meta property=\"og:locale\" content=\"es_ES\" \/>\n<meta property=\"og:type\" content=\"article\" \/>\n<meta property=\"og:title\" content=\"Mobil home 4 personas econ\u00f3mico en Argel\u00e8s sur Mer - La Plage Argel\u00e8s\" \/>\n<meta property=\"og:description\" content=\"Reserva tu alquiler de mobil-home Tahiti en Argel\u00e8s-sur-Mer en el camping La Plage: confort, relax y sol a dos pasos del Mediterr\u00e1neo.\" \/>\n<meta property=\"og:url\" content=\"https:\/\/www.laplage-argeles.fr\/es\/los-mobil-homes\/mobil-home-tahiti\/\" \/>\n<meta property=\"og:site_name\" content=\"Camping la Plage \u00e0 Argeles\" \/>\n<meta property=\"article:modified_time\" content=\"2026-04-10T13:05:17+00:00\" \/>\n<meta property=\"og:image\" content=\"https:\/\/www.laplage-argeles.fr\/wp-content\/uploads\/2026\/03\/mobil-home-tahiti.jpg\" \/>\n\t<meta property=\"og:image:width\" content=\"730\" \/>\n\t<meta property=\"og:image:height\" content=\"525\" \/>\n\t<meta property=\"og:image:type\" content=\"image\/jpeg\" \/>\n<meta name=\"twitter:card\" content=\"summary_large_image\" \/>\n<script type=\"application\/ld+json\" class=\"yoast-schema-graph\">{\"@context\":\"https:\\\/\\\/schema.org\",\"@graph\":[{\"@type\":\"WebPage\",\"@id\":\"https:\\\/\\\/www.laplage-argeles.fr\\\/es\\\/los-mobil-homes\\\/mobil-home-tahiti\\\/\",\"url\":\"https:\\\/\\\/www.laplage-argeles.fr\\\/es\\\/los-mobil-homes\\\/mobil-home-tahiti\\\/\",\"name\":\"Mobil home 4 personas econ\u00f3mico en Argel\u00e8s sur Mer - La Plage Argel\u00e8s\",\"isPartOf\":{\"@id\":\"https:\\\/\\\/www.laplage-argeles.fr\\\/es\\\/#website\"},\"primaryImageOfPage\":{\"@id\":\"https:\\\/\\\/www.laplage-argeles.fr\\\/es\\\/los-mobil-homes\\\/mobil-home-tahiti\\\/#primaryimage\"},\"image\":{\"@id\":\"https:\\\/\\\/www.laplage-argeles.fr\\\/es\\\/los-mobil-homes\\\/mobil-home-tahiti\\\/#primaryimage\"},\"thumbnailUrl\":\"https:\\\/\\\/www.laplage-argeles.fr\\\/wp-content\\\/uploads\\\/2026\\\/03\\\/mobil-home-tahiti.jpg\",\"datePublished\":\"2026-03-18T10:13:24+00:00\",\"dateModified\":\"2026-04-10T13:05:17+00:00\",\"description\":\"Reserva tu alquiler de mobil-home Tahiti en Argel\u00e8s-sur-Mer en el camping La Plage: confort, relax y sol a dos pasos del Mediterr\u00e1neo.\",\"breadcrumb\":{\"@id\":\"https:\\\/\\\/www.laplage-argeles.fr\\\/es\\\/los-mobil-homes\\\/mobil-home-tahiti\\\/#breadcrumb\"},\"inLanguage\":\"es\",\"potentialAction\":[{\"@type\":\"ReadAction\",\"target\":[\"https:\\\/\\\/www.laplage-argeles.fr\\\/es\\\/los-mobil-homes\\\/mobil-home-tahiti\\\/\"]}]},{\"@type\":\"ImageObject\",\"inLanguage\":\"es\",\"@id\":\"https:\\\/\\\/www.laplage-argeles.fr\\\/es\\\/los-mobil-homes\\\/mobil-home-tahiti\\\/#primaryimage\",\"url\":\"https:\\\/\\\/www.laplage-argeles.fr\\\/wp-content\\\/uploads\\\/2026\\\/03\\\/mobil-home-tahiti.jpg\",\"contentUrl\":\"https:\\\/\\\/www.laplage-argeles.fr\\\/wp-content\\\/uploads\\\/2026\\\/03\\\/mobil-home-tahiti.jpg\",\"width\":730,\"height\":525,\"caption\":\"Casa m\u00f3vil Tahit\u00ed\"},{\"@type\":\"BreadcrumbList\",\"@id\":\"https:\\\/\\\/www.laplage-argeles.fr\\\/es\\\/los-mobil-homes\\\/mobil-home-tahiti\\\/#breadcrumb\",\"itemListElement\":[{\"@type\":\"ListItem\",\"position\":1,\"name\":\"Camping Plage Argel\u00e8s-sur-Mer\",\"item\":\"https:\\\/\\\/www.laplage-argeles.fr\\\/es\\\/\"},{\"@type\":\"ListItem\",\"position\":2,\"name\":\"Alquiler de mobil-home en Argel\u00e8s-sur-Mer\",\"item\":\"https:\\\/\\\/www.laplage-argeles.fr\\\/es\\\/los-mobil-homes\\\/\"},{\"@type\":\"ListItem\",\"position\":3,\"name\":\"mobil-home Tahiti\"}]},{\"@type\":\"WebSite\",\"@id\":\"https:\\\/\\\/www.laplage-argeles.fr\\\/es\\\/#website\",\"url\":\"https:\\\/\\\/www.laplage-argeles.fr\\\/es\\\/\",\"name\":\"Camping la Plage \u00e0 Argeles\",\"description\":\"\",\"potentialAction\":[{\"@type\":\"SearchAction\",\"target\":{\"@type\":\"EntryPoint\",\"urlTemplate\":\"https:\\\/\\\/www.laplage-argeles.fr\\\/es\\\/?s={search_term_string}\"},\"query-input\":{\"@type\":\"PropertyValueSpecification\",\"valueRequired\":true,\"valueName\":\"search_term_string\"}}],\"inLanguage\":\"es\"}]}<\/script>\n<!-- \/ Yoast SEO plugin. -->","yoast_head_json":{"title":"Mobil home 4 personas econ\u00f3mico en Argel\u00e8s sur Mer - La Plage Argel\u00e8s","description":"Reserva tu alquiler de mobil-home Tahiti en Argel\u00e8s-sur-Mer en el camping La Plage: confort, relax y sol a dos pasos del Mediterr\u00e1neo.","robots":{"index":"index","follow":"follow","max-snippet":"max-snippet:-1","max-image-preview":"max-image-preview:large","max-video-preview":"max-video-preview:-1"},"canonical":"https:\/\/www.laplage-argeles.fr\/es\/los-mobil-homes\/mobil-home-tahiti\/","og_locale":"es_ES","og_type":"article","og_title":"Mobil home 4 personas econ\u00f3mico en Argel\u00e8s sur Mer - La Plage Argel\u00e8s","og_description":"Reserva tu alquiler de mobil-home Tahiti en Argel\u00e8s-sur-Mer en el camping La Plage: confort, relax y sol a dos pasos del Mediterr\u00e1neo.","og_url":"https:\/\/www.laplage-argeles.fr\/es\/los-mobil-homes\/mobil-home-tahiti\/","og_site_name":"Camping la Plage \u00e0 Argeles","article_modified_time":"2026-04-10T13:05:17+00:00","og_image":[{"width":730,"height":525,"url":"https:\/\/www.laplage-argeles.fr\/wp-content\/uploads\/2026\/03\/mobil-home-tahiti.jpg","type":"image\/jpeg"}],"twitter_card":"summary_large_image","schema":{"@context":"https:\/\/schema.org","@graph":[{"@type":"WebPage","@id":"https:\/\/www.laplage-argeles.fr\/es\/los-mobil-homes\/mobil-home-tahiti\/","url":"https:\/\/www.laplage-argeles.fr\/es\/los-mobil-homes\/mobil-home-tahiti\/","name":"Mobil home 4 personas econ\u00f3mico en Argel\u00e8s sur Mer - La Plage Argel\u00e8s","isPartOf":{"@id":"https:\/\/www.laplage-argeles.fr\/es\/#website"},"primaryImageOfPage":{"@id":"https:\/\/www.laplage-argeles.fr\/es\/los-mobil-homes\/mobil-home-tahiti\/#primaryimage"},"image":{"@id":"https:\/\/www.laplage-argeles.fr\/es\/los-mobil-homes\/mobil-home-tahiti\/#primaryimage"},"thumbnailUrl":"https:\/\/www.laplage-argeles.fr\/wp-content\/uploads\/2026\/03\/mobil-home-tahiti.jpg","datePublished":"2026-03-18T10:13:24+00:00","dateModified":"2026-04-10T13:05:17+00:00","description":"Reserva tu alquiler de mobil-home Tahiti en Argel\u00e8s-sur-Mer en el camping La Plage: confort, relax y sol a dos pasos del Mediterr\u00e1neo.","breadcrumb":{"@id":"https:\/\/www.laplage-argeles.fr\/es\/los-mobil-homes\/mobil-home-tahiti\/#breadcrumb"},"inLanguage":"es","potentialAction":[{"@type":"ReadAction","target":["https:\/\/www.laplage-argeles.fr\/es\/los-mobil-homes\/mobil-home-tahiti\/"]}]},{"@type":"ImageObject","inLanguage":"es","@id":"https:\/\/www.laplage-argeles.fr\/es\/los-mobil-homes\/mobil-home-tahiti\/#primaryimage","url":"https:\/\/www.laplage-argeles.fr\/wp-content\/uploads\/2026\/03\/mobil-home-tahiti.jpg","contentUrl":"https:\/\/www.laplage-argeles.fr\/wp-content\/uploads\/2026\/03\/mobil-home-tahiti.jpg","width":730,"height":525,"caption":"Casa m\u00f3vil Tahit\u00ed"},{"@type":"BreadcrumbList","@id":"https:\/\/www.laplage-argeles.fr\/es\/los-mobil-homes\/mobil-home-tahiti\/#breadcrumb","itemListElement":[{"@type":"ListItem","position":1,"name":"Camping Plage Argel\u00e8s-sur-Mer","item":"https:\/\/www.laplage-argeles.fr\/es\/"},{"@type":"ListItem","position":2,"name":"Alquiler de mobil-home en Argel\u00e8s-sur-Mer","item":"https:\/\/www.laplage-argeles.fr\/es\/los-mobil-homes\/"},{"@type":"ListItem","position":3,"name":"mobil-home Tahiti"}]},{"@type":"WebSite","@id":"https:\/\/www.laplage-argeles.fr\/es\/#website","url":"https:\/\/www.laplage-argeles.fr\/es\/","name":"Camping la Plage \u00e0 Argeles","description":"","potentialAction":[{"@type":"SearchAction","target":{"@type":"EntryPoint","urlTemplate":"https:\/\/www.laplage-argeles.fr\/es\/?s={search_term_string}"},"query-input":{"@type":"PropertyValueSpecification","valueRequired":true,"valueName":"search_term_string"}}],"inLanguage":"es"}]}},"_links":{"self":[{"href":"https:\/\/www.laplage-argeles.fr\/es\/wp-json\/wp\/v2\/pages\/77997","targetHints":{"allow":["GET"]}}],"collection":[{"href":"https:\/\/www.laplage-argeles.fr\/es\/wp-json\/wp\/v2\/pages"}],"about":[{"href":"https:\/\/www.laplage-argeles.fr\/es\/wp-json\/wp\/v2\/types\/page"}],"author":[{"embeddable":true,"href":"https:\/\/www.laplage-argeles.fr\/es\/wp-json\/wp\/v2\/users\/1"}],"replies":[{"embeddable":true,"href":"https:\/\/www.laplage-argeles.fr\/es\/wp-json\/wp\/v2\/comments?post=77997"}],"version-history":[{"count":1,"href":"https:\/\/www.laplage-argeles.fr\/es\/wp-json\/wp\/v2\/pages\/77997\/revisions"}],"predecessor-version":[{"id":78090,"href":"https:\/\/www.laplage-argeles.fr\/es\/wp-json\/wp\/v2\/pages\/77997\/revisions\/78090"}],"up":[{"embeddable":true,"href":"https:\/\/www.laplage-argeles.fr\/es\/wp-json\/wp\/v2\/pages\/78088"}],"wp:featuredmedia":[{"embeddable":true,"href":"https:\/\/www.laplage-argeles.fr\/es\/wp-json\/wp\/v2\/media\/78618"}],"wp:attachment":[{"href":"https:\/\/www.laplage-argeles.fr\/es\/wp-json\/wp\/v2\/media?parent=77997"}],"curies":[{"name":"wp","href":"https:\/\/api.w.org\/{rel}","templated":true}]}}

<!-- This site is optimized with the Yoast SEO plugin v27.4 - https://yoast.com/product/yoast-seo-wordpress/ -->
<title>Mobil home 4 personas económico en Argelès sur Mer - La Plage Argelès</title>
<meta name="description" content="Reserva tu alquiler de mobil-home Tahiti en Argelès-sur-Mer en el camping La Plage: confort, relax y sol a dos pasos del Mediterráneo." />
<meta name="robots" content="index, follow, max-snippet:-1, max-image-preview:large, max-video-preview:-1" />
<link rel="canonical" href="https://www.laplage-argeles.fr/es/los-mobil-homes/mobil-home-tahiti/" />
<meta property="og:locale" content="es_ES" />
<meta property="og:type" content="article" />
<meta property="og:title" content="Mobil home 4 personas económico en Argelès sur Mer - La Plage Argelès" />
<meta property="og:description" content="Reserva tu alquiler de mobil-home Tahiti en Argelès-sur-Mer en el camping La Plage: confort, relax y sol a dos pasos del Mediterráneo." />
<meta property="og:url" content="https://www.laplage-argeles.fr/es/los-mobil-homes/mobil-home-tahiti/" />
<meta property="og:site_name" content="Camping la Plage à Argeles" />
<meta property="article:modified_time" content="2026-04-10T13:05:17+00:00" />
<meta property="og:image" content="https://www.laplage-argeles.fr/wp-content/uploads/2026/03/mobil-home-tahiti.jpg" />
	<meta property="og:image:width" content="730" />
	<meta property="og:image:height" content="525" />
	<meta property="og:image:type" content="image/jpeg" />
<meta name="twitter:card" content="summary_large_image" />
<script type="application/ld+json" class="yoast-schema-graph">{"@context":"https:\/\/schema.org","@graph":[{"@type":"WebPage","@id":"https:\/\/www.laplage-argeles.fr\/es\/los-mobil-homes\/mobil-home-tahiti\/","url":"https:\/\/www.laplage-argeles.fr\/es\/los-mobil-homes\/mobil-home-tahiti\/","name":"Mobil home 4 personas económico en Argelès sur Mer - La Plage Argelès","isPartOf":{"@id":"https:\/\/www.laplage-argeles.fr\/es\/#website"},"primaryImageOfPage":{"@id":"https:\/\/www.laplage-argeles.fr\/es\/los-mobil-homes\/mobil-home-tahiti\/#primaryimage"},"image":{"@id":"https:\/\/www.laplage-argeles.fr\/es\/los-mobil-homes\/mobil-home-tahiti\/#primaryimage"},"thumbnailUrl":"https:\/\/www.laplage-argeles.fr\/wp-content\/uploads\/2026\/03\/mobil-home-tahiti.jpg","datePublished":"2026-03-18T10:13:24+00:00","dateModified":"2026-04-10T13:05:17+00:00","description":"Reserva tu alquiler de mobil-home Tahiti en Argelès-sur-Mer en el camping La Plage: confort, relax y sol a dos pasos del Mediterráneo.","breadcrumb":{"@id":"https:\/\/www.laplage-argeles.fr\/es\/los-mobil-homes\/mobil-home-tahiti\/#breadcrumb"},"inLanguage":"es","potentialAction":[{"@type":"ReadAction","target":["https:\/\/www.laplage-argeles.fr\/es\/los-mobil-homes\/mobil-home-tahiti\/"]}]},{"@type":"ImageObject","inLanguage":"es","@id":"https:\/\/www.laplage-argeles.fr\/es\/los-mobil-homes\/mobil-home-tahiti\/#primaryimage","url":"https:\/\/www.laplage-argeles.fr\/wp-content\/uploads\/2026\/03\/mobil-home-tahiti.jpg","contentUrl":"https:\/\/www.laplage-argeles.fr\/wp-content\/uploads\/2026\/03\/mobil-home-tahiti.jpg","width":730,"height":525,"caption":"Casa móvil Tahití"},{"@type":"BreadcrumbList","@id":"https:\/\/www.laplage-argeles.fr\/es\/los-mobil-homes\/mobil-home-tahiti\/#breadcrumb","itemListElement":[{"@type":"ListItem","position":1,"name":"Camping Plage Argelès-sur-Mer","item":"https:\/\/www.laplage-argeles.fr\/es\/"},{"@type":"ListItem","position":2,"name":"Alquiler de mobil-home en Argelès-sur-Mer","item":"https:\/\/www.laplage-argeles.fr\/es\/los-mobil-homes\/"},{"@type":"ListItem","position":3,"name":"mobil-home Tahiti"}]},{"@type":"WebSite","@id":"https:\/\/www.laplage-argeles.fr\/es\/#website","url":"https:\/\/www.laplage-argeles.fr\/es\/","name":"Camping la Plage à Argeles","description":"","potentialAction":[{"@type":"SearchAction","target":{"@type":"EntryPoint","urlTemplate":"https:\/\/www.laplage-argeles.fr\/es\/?s={search_term_string}"},"query-input":{"@type":"PropertyValueSpecification","valueRequired":true,"valueName":"search_term_string"}}],"inLanguage":"es"}]}</script>
<!-- / Yoast SEO plugin. -->

Mobil home 4 personas económico en Argelès sur Mer - La Plage Argelès

Reserva tu alquiler de mobil-home Tahiti en Argelès-sur-Mer en el camping La Plage: confort, relax y sol a dos pasos del Mediterráneo.

Camping la Plage à Argeles

Casa móvil Tahití

Camping Plage Argelès-sur-Mer

Alquiler de mobil-home en Argelès-sur-Mer
